{"id":212,"date":"2019-02-18T13:33:08","date_gmt":"2019-02-18T13:33:08","guid":{"rendered":"http:\/\/resolucionsanitariadealimentos.cl\/?page_id=212"},"modified":"2023-02-09T18:40:17","modified_gmt":"2023-02-09T18:40:17","slug":"resolucion-vehiculos-refrigerados","status":"publish","type":"page","link":"https:\/\/resolucionsanitariadealimentos.cl\/index.php\/resolucion-vehiculos-refrigerados\/","title":{"rendered":"Resoluci\u00f3n Sanitaria para Veh\u00edculos de Transporte de Alimentos"},"content":{"rendered":"\n<figure class=\"wp-block-image alignright is-resized\"><img decoding=\"async\" loading=\"lazy\" src=\"http:\/\/resolucionsanitariadealimentos.cl\/wp-content\/uploads\/2019\/07\/transporte-de-refrigerados.jpg\" alt=\"Autorizaci\u00f3n sanitaria para veh\u00edculos refrigerados.\nResoluci\u00f3n sanitaria para veh\u00edculos refrigerados.\nResoluci\u00f3n seremi para veh\u00edculos refrigerados.\" class=\"wp-image-460\" width=\"167\" height=\"106\"\/><figcaption>Autorizaci\u00f3n sanitaria para veh\u00edculos que transportan alimentos<\/figcaption><\/figure>\n\n\n\n<p>Ingresan en esta categor\u00eda todos aquellos veh\u00edculos que tengan como fin:<\/p>\n\n\n\n<ul><li>Transportar alimentos que requieran refrigeraci\u00f3n<\/li><li>Transportar alimentos congelados<\/li><\/ul>\n\n\n\n<p><\/p>\n\n\n\n<p>Cotiza tu resoluci\u00f3n sanitaria de alimentos pinchando&nbsp;<a href=\"http:\/\/resolucionsanitariadealimentos.cl\/index.php\/contacto\/\">aqu\u00ed.<\/a><\/p>\n","protected":false},"excerpt":{"rendered":"<p>Ingresan en esta categor\u00eda todos aquellos veh\u00edculos que tengan como fin: Transportar alimentos que requieran refrigeraci\u00f3n Transportar alimentos congelados Cotiza tu resoluci\u00f3n sanitaria de alimentos pinchando&nbsp;aqu\u00ed.<\/p>\n","protected":false},"author":1,"featured_media":0,"parent":0,"menu_order":0,"comment_status":"closed","ping_status":"closed","template":"","meta":[],"yoast_head":"<!-- This site is optimized with the Yoast SEO plugin v21.6 - https:\/\/yoast.com\/wordpress\/plugins\/seo\/ -->\n<title>Resoluci\u00f3n Sanitaria para Veh\u00edculos de Transporte de Alimentos - Resoluci\u00f3n Sanitaria de Alimentos<\/title>\n<meta name=\"description\" content=\"Asesor\u00eda y tramitaci\u00f3n para resoluci\u00f3n o autorizaci\u00f3n sanitaria de alimentos para veh\u00edculos que transportan alimentos refrigerados y\/o congelados.\" \/>\n<meta name=\"robots\" content=\"index, follow, max-snippet:-1, max-image-preview:large, max-video-preview:-1\" \/>\n<link rel=\"canonical\" href=\"https:\/\/resolucionsanitariadealimentos.cl\/index.php\/resolucion-vehiculos-refrigerados\/\" \/>\n<meta property=\"og:locale\" content=\"es_ES\" \/>\n<meta property=\"og:type\" content=\"article\" \/>\n<meta property=\"og:title\" content=\"Resoluci\u00f3n Sanitaria para Veh\u00edculos de Transporte de Alimentos - Resoluci\u00f3n Sanitaria de Alimentos\" \/>\n<meta property=\"og:description\" content=\"Asesor\u00eda y tramitaci\u00f3n para resoluci\u00f3n o autorizaci\u00f3n sanitaria de alimentos para veh\u00edculos que transportan alimentos refrigerados y\/o congelados.\" \/>\n<meta property=\"og:url\" content=\"https:\/\/resolucionsanitariadealimentos.cl\/index.php\/resolucion-vehiculos-refrigerados\/\" \/>\n<meta property=\"og:site_name\" content=\"Resoluci\u00f3n Sanitaria de Alimentos\" \/>\n<meta property=\"article:modified_time\" content=\"2023-02-09T18:40:17+00:00\" \/>\n<meta property=\"og:image\" content=\"http:\/\/resolucionsanitariadealimentos.cl\/wp-content\/uploads\/2019\/07\/transporte-de-refrigerados.jpg\" \/>\n<meta name=\"twitter:card\" content=\"summary_large_image\" \/>\n<meta name=\"twitter:label1\" content=\"Est. reading time\" \/>\n\t<meta name=\"twitter:data1\" content=\"1 minuto\" \/>\n<script type=\"application\/ld+json\" class=\"yoast-schema-graph\">{\"@context\":\"https:\/\/schema.org\",\"@graph\":[{\"@type\":\"WebPage\",\"@id\":\"https:\/\/resolucionsanitariadealimentos.cl\/index.php\/resolucion-vehiculos-refrigerados\/\",\"url\":\"https:\/\/resolucionsanitariadealimentos.cl\/index.php\/resolucion-vehiculos-refrigerados\/\",\"name\":\"Resoluci\u00f3n Sanitaria para Veh\u00edculos de Transporte de Alimentos - Resoluci\u00f3n Sanitaria de Alimentos\",\"isPartOf\":{\"@id\":\"https:\/\/resolucionsanitariadealimentos.cl\/#website\"},\"datePublished\":\"2019-02-18T13:33:08+00:00\",\"dateModified\":\"2023-02-09T18:40:17+00:00\",\"description\":\"Asesor\u00eda y tramitaci\u00f3n para resoluci\u00f3n o autorizaci\u00f3n sanitaria de alimentos para veh\u00edculos que transportan alimentos refrigerados y\/o congelados.\",\"breadcrumb\":{\"@id\":\"https:\/\/resolucionsanitariadealimentos.cl\/index.php\/resolucion-vehiculos-refrigerados\/#breadcrumb\"},\"inLanguage\":\"es-CL\",\"potentialAction\":[{\"@type\":\"ReadAction\",\"target\":[\"https:\/\/resolucionsanitariadealimentos.cl\/index.php\/resolucion-vehiculos-refrigerados\/\"]}]},{\"@type\":\"BreadcrumbList\",\"@id\":\"https:\/\/resolucionsanitariadealimentos.cl\/index.php\/resolucion-vehiculos-refrigerados\/#breadcrumb\",\"itemListElement\":[{\"@type\":\"ListItem\",\"position\":1,\"name\":\"Inicio\",\"item\":\"https:\/\/resolucionsanitariadealimentos.cl\/\"},{\"@type\":\"ListItem\",\"position\":2,\"name\":\"Resoluci\u00f3n Sanitaria para Veh\u00edculos de Transporte de Alimentos\"}]},{\"@type\":\"WebSite\",\"@id\":\"https:\/\/resolucionsanitariadealimentos.cl\/#website\",\"url\":\"https:\/\/resolucionsanitariadealimentos.cl\/\",\"name\":\"Resoluci\u00f3n Sanitaria de Alimentos\",\"description\":\"Asesor\u00eda y tramitaci\u00f3n de Resoluci\u00f3n Sanitaria de Alimentos\",\"potentialAction\":[{\"@type\":\"SearchAction\",\"target\":{\"@type\":\"EntryPoint\",\"urlTemplate\":\"https:\/\/resolucionsanitariadealimentos.cl\/?s={search_term_string}\"},\"query-input\":\"required name=search_term_string\"}],\"inLanguage\":\"es-CL\"}]}<\/script>\n<!-- \/ Yoast SEO plugin. -->","yoast_head_json":{"title":"Resoluci\u00f3n Sanitaria para Veh\u00edculos de Transporte de Alimentos - Resoluci\u00f3n Sanitaria de Alimentos","description":"Asesor\u00eda y tramitaci\u00f3n para resoluci\u00f3n o autorizaci\u00f3n sanitaria de alimentos para veh\u00edculos que transportan alimentos refrigerados y\/o congelados.","robots":{"index":"index","follow":"follow","max-snippet":"max-snippet:-1","max-image-preview":"max-image-preview:large","max-video-preview":"max-video-preview:-1"},"canonical":"https:\/\/resolucionsanitariadealimentos.cl\/index.php\/resolucion-vehiculos-refrigerados\/","og_locale":"es_ES","og_type":"article","og_title":"Resoluci\u00f3n Sanitaria para Veh\u00edculos de Transporte de Alimentos - Resoluci\u00f3n Sanitaria de Alimentos","og_description":"Asesor\u00eda y tramitaci\u00f3n para resoluci\u00f3n o autorizaci\u00f3n sanitaria de alimentos para veh\u00edculos que transportan alimentos refrigerados y\/o congelados.","og_url":"https:\/\/resolucionsanitariadealimentos.cl\/index.php\/resolucion-vehiculos-refrigerados\/","og_site_name":"Resoluci\u00f3n Sanitaria de Alimentos","article_modified_time":"2023-02-09T18:40:17+00:00","og_image":[{"url":"http:\/\/resolucionsanitariadealimentos.cl\/wp-content\/uploads\/2019\/07\/transporte-de-refrigerados.jpg"}],"twitter_card":"summary_large_image","twitter_misc":{"Est. reading time":"1 minuto"},"schema":{"@context":"https:\/\/schema.org","@graph":[{"@type":"WebPage","@id":"https:\/\/resolucionsanitariadealimentos.cl\/index.php\/resolucion-vehiculos-refrigerados\/","url":"https:\/\/resolucionsanitariadealimentos.cl\/index.php\/resolucion-vehiculos-refrigerados\/","name":"Resoluci\u00f3n Sanitaria para Veh\u00edculos de Transporte de Alimentos - Resoluci\u00f3n Sanitaria de Alimentos","isPartOf":{"@id":"https:\/\/resolucionsanitariadealimentos.cl\/#website"},"datePublished":"2019-02-18T13:33:08+00:00","dateModified":"2023-02-09T18:40:17+00:00","description":"Asesor\u00eda y tramitaci\u00f3n para resoluci\u00f3n o autorizaci\u00f3n sanitaria de alimentos para veh\u00edculos que transportan alimentos refrigerados y\/o congelados.","breadcrumb":{"@id":"https:\/\/resolucionsanitariadealimentos.cl\/index.php\/resolucion-vehiculos-refrigerados\/#breadcrumb"},"inLanguage":"es-CL","potentialAction":[{"@type":"ReadAction","target":["https:\/\/resolucionsanitariadealimentos.cl\/index.php\/resolucion-vehiculos-refrigerados\/"]}]},{"@type":"BreadcrumbList","@id":"https:\/\/resolucionsanitariadealimentos.cl\/index.php\/resolucion-vehiculos-refrigerados\/#breadcrumb","itemListElement":[{"@type":"ListItem","position":1,"name":"Inicio","item":"https:\/\/resolucionsanitariadealimentos.cl\/"},{"@type":"ListItem","position":2,"name":"Resoluci\u00f3n Sanitaria para Veh\u00edculos de Transporte de Alimentos"}]},{"@type":"WebSite","@id":"https:\/\/resolucionsanitariadealimentos.cl\/#website","url":"https:\/\/resolucionsanitariadealimentos.cl\/","name":"Resoluci\u00f3n Sanitaria de Alimentos","description":"Asesor\u00eda y tramitaci\u00f3n de Resoluci\u00f3n Sanitaria de Alimentos","potentialAction":[{"@type":"SearchAction","target":{"@type":"EntryPoint","urlTemplate":"https:\/\/resolucionsanitariadealimentos.cl\/?s={search_term_string}"},"query-input":"required name=search_term_string"}],"inLanguage":"es-CL"}]}},"amp_enabled":true,"_links":{"self":[{"href":"https:\/\/resolucionsanitariadealimentos.cl\/index.php\/wp-json\/wp\/v2\/pages\/212"}],"collection":[{"href":"https:\/\/resolucionsanitariadealimentos.cl\/index.php\/wp-json\/wp\/v2\/pages"}],"about":[{"href":"https:\/\/resolucionsanitariadealimentos.cl\/index.php\/wp-json\/wp\/v2\/types\/page"}],"author":[{"embeddable":true,"href":"https:\/\/resolucionsanitariadealimentos.cl\/index.php\/wp-json\/wp\/v2\/users\/1"}],"replies":[{"embeddable":true,"href":"https:\/\/resolucionsanitariadealimentos.cl\/index.php\/wp-json\/wp\/v2\/comments?post=212"}],"version-history":[{"count":11,"href":"https:\/\/resolucionsanitariadealimentos.cl\/index.php\/wp-json\/wp\/v2\/pages\/212\/revisions"}],"predecessor-version":[{"id":712,"href":"https:\/\/resolucionsanitariadealimentos.cl\/index.php\/wp-json\/wp\/v2\/pages\/212\/revisions\/712"}],"wp:attachment":[{"href":"https:\/\/resolucionsanitariadealimentos.cl\/index.php\/wp-json\/wp\/v2\/media?parent=212"}],"curies":[{"name":"wp","href":"https:\/\/api.w.org\/{rel}","templated":true}]}}