{"id":64,"date":"2019-01-29T18:26:44","date_gmt":"2019-01-29T18:26:44","guid":{"rendered":"http:\/\/resolucionsanitariadealimentos.cl\/?page_id=64"},"modified":"2025-06-10T17:23:00","modified_gmt":"2025-06-10T17:23:00","slug":"inicio","status":"publish","type":"page","link":"https:\/\/resolucionsanitariadealimentos.cl\/","title":{"rendered":"Autorizaci\u00f3n Sanitaria de Alimentos"},"content":{"rendered":"\t\t<div data-elementor-type=\"wp-page\" data-elementor-id=\"64\" class=\"elementor elementor-64\">\n\t\t\t\t\t\t\t\t\t<section class=\"elementor-section elementor-top-section elementor-element elementor-element-5c2e8f0 elementor-section-boxed elementor-section-height-default elementor-section-height-default\" data-id=\"5c2e8f0\" data-element_type=\"section\">\n\t\t\t\t\t\t<div class=\"elementor-container elementor-column-gap-default\">\n\t\t\t\t\t<div class=\"elementor-column elementor-col-100 elementor-top-column elementor-element elementor-element-66211493\" data-id=\"66211493\" data-element_type=\"column\">\n\t\t\t<div class=\"elementor-widget-wrap elementor-element-populated\">\n\t\t\t\t\t\t\t\t<div class=\"elementor-element elementor-element-3a4d376 elementor-widget elementor-widget-text-editor\" data-id=\"3a4d376\" data-element_type=\"widget\" data-widget_type=\"text-editor.default\">\n\t\t\t\t<div class=\"elementor-widget-container\">\n\t\t\t<style>\/*! elementor - v3.11.2 - 22-02-2023 *\/\n.elementor-widget-text-editor.elementor-drop-cap-view-stacked .elementor-drop-cap{background-color:#818a91;color:#fff}.elementor-widget-text-editor.elementor-drop-cap-view-framed .elementor-drop-cap{color:#818a91;border:3px solid;background-color:transparent}.elementor-widget-text-editor:not(.elementor-drop-cap-view-default) .elementor-drop-cap{margin-top:8px}.elementor-widget-text-editor:not(.elementor-drop-cap-view-default) .elementor-drop-cap-letter{width:1em;height:1em}.elementor-widget-text-editor .elementor-drop-cap{float:left;text-align:center;line-height:1;font-size:50px}.elementor-widget-text-editor .elementor-drop-cap-letter{display:inline-block}<\/style>\t\t\t\t<p><\/p>\n<p><!-- wp:heading --><\/p>\n<h2>Asesor\u00eda Profesional en Autorizaci\u00f3n Sanitaria de Alimentos<\/h2>\n<p><!-- \/wp:heading --><\/p>\n<p><!-- wp:image {\"align\":\"right\",\"id\":207,\"width\":172,\"height\":96,\"sizeSlug\":\"large\",\"className\":\"is-style-default\"} --><\/p>\n<figure><img decoding=\"async\" loading=\"lazy\" src=\"https:\/\/resolucionsanitariadealimentos.cl\/wp-content\/uploads\/2019\/02\/encabezado-4-1024x576.jpg\" alt=\"resoluci\u00f3n sanitaria alimento, autorizaci\u00f3n sanitaria de alimentos, autorizaci\u00f3n de alimentos, resoluci\u00f3n de alimento, \" width=\"172\" height=\"96\"><p><\/p>\n<figcaption>Tramitaci\u00f3n y asesor\u00eda para tu resoluci\u00f3n sanitaria<\/figcaption>\n<\/figure>\n<p><!-- \/wp:image --><\/p>\n<p><!-- wp:paragraph --><\/p>\n<p><strong>\u00bfDebes tramitar una autorizaci\u00f3n sanitaria de alimentos?<\/strong><\/p>\n<p><!-- \/wp:paragraph --><\/p>\n<p><!-- wp:paragraph {\"fontSize\":\"medium\"} --><\/p>\n<p>Te ayudamos!<\/p>\n<h6><strong data-start=\"87\" data-end=\"136\">Somos ALINOQ \u2013 Gesti\u00f3n de Calidad Alimentaria<\/strong>, un equipo de Nutricionistas expertas en sistemas de inocuidad y calidad alimentaria. Nuestra misi\u00f3n es acompa\u00f1ar a personas y empresas de Santiago y alrededores en la implementaci\u00f3n, auditor\u00eda y mejora de sus sistemas de gesti\u00f3n de calidad (BPM, HACCP), as\u00ed tambi\u00e9n, en la obtenci\u00f3n profesional de la Resoluci\u00f3n Sanitaria y\/o Calificaci\u00f3n T\u00e9cnica Inofensiva necesaria para la tramitaci\u00f3n de patentes comerciales.<\/h6>\n<p><!-- \/wp:paragraph --><\/p>\n<p><!-- wp:paragraph {\"fontSize\":\"medium\"} --><\/p>\n<p><\/p>\n<p><!-- \/wp:paragraph --><\/p>\n<p><!-- wp:quote --><\/p>\n<blockquote>\n<p><!-- wp:paragraph --><\/p>\n<p>Sabemos lo engorroso que este proceso puede ser para usted, sobretodo cuando existe desconocimiento de este tema, es por esto que te ofrecemos un servicio resolutivo, confiable y competente, para que hagas realidad tu proyecto.<\/p>\n<p><!-- \/wp:paragraph --><\/p>\n<\/blockquote>\n<p><!-- \/wp:quote --><\/p>\n<p><!-- wp:paragraph --><\/p>\n<p>Cotiza con nosotros <a href=\"http:\/\/resolucionsanitariadealimentos.cl\/index.php\/contacto\/\">aqu\u00ed.<\/a><\/p>\n<p><!-- \/wp:paragraph --><\/p>\n<p><!-- wp:paragraph --><\/p>\n<p>Qu\u00e9 incluye nuestro servicio? pincha <a href=\"http:\/\/resolucionsanitariadealimentos.cl\/index.php\/servicios\/\">aqu\u00ed.<\/a><\/p>\n<p><!-- \/wp:paragraph --><\/p>\t\t\t\t\t\t<\/div>\n\t\t\t\t<\/div>\n\t\t\t\t\t<\/div>\n\t\t<\/div>\n\t\t\t\t\t\t\t<\/div>\n\t\t<\/section>\n\t\t\t\t\t\t\t<\/div>\n\t\t","protected":false},"excerpt":{"rendered":"<p>Asesor\u00eda Profesional en Autorizaci\u00f3n Sanitaria de Alimentos \u00bfDebes tramitar una autorizaci\u00f3n sanitaria de alimentos? Te ayudamos! Somos ALINOQ \u2013 Gesti\u00f3n de Calidad Alimentaria, un equipo de Nutricionistas expertas en sistemas de inocuidad y calidad alimentaria. Nuestra misi\u00f3n es acompa\u00f1ar a personas y empresas de Santiago y alrededores en la implementaci\u00f3n, auditor\u00eda y mejora de sus [&hellip;]<\/p>\n","protected":false},"author":1,"featured_media":0,"parent":0,"menu_order":0,"comment_status":"closed","ping_status":"closed","template":"","meta":[],"yoast_head":"<!-- This site is optimized with the Yoast SEO plugin v21.6 - https:\/\/yoast.com\/wordpress\/plugins\/seo\/ -->\n<title>\u25ba Autorizaci\u00f3n Sanitaria de Alimentos - Asesor\u00eda profesional y Tramitaci\u00f3n<\/title>\n<meta name=\"description\" content=\"Tramitaci\u00f3n de autorizaci\u00f3n sanitaria de alimentos, Capacitaciones en BPM, Etiquetado nutricional, Control de calidad, HACCP.\" \/>\n<meta name=\"robots\" content=\"index, follow, max-snippet:-1, max-image-preview:large, max-video-preview:-1\" \/>\n<link rel=\"canonical\" href=\"https:\/\/resolucionsanitariadealimentos.cl\/\" \/>\n<meta property=\"og:locale\" content=\"es_ES\" \/>\n<meta property=\"og:type\" content=\"article\" \/>\n<meta property=\"og:title\" content=\"\u25ba Autorizaci\u00f3n Sanitaria de Alimentos - Asesor\u00eda profesional y Tramitaci\u00f3n\" \/>\n<meta property=\"og:description\" content=\"Tramitaci\u00f3n de autorizaci\u00f3n sanitaria de alimentos, Capacitaciones en BPM, Etiquetado nutricional, Control de calidad, HACCP.\" \/>\n<meta property=\"og:url\" content=\"https:\/\/resolucionsanitariadealimentos.cl\/\" \/>\n<meta property=\"og:site_name\" content=\"Resoluci\u00f3n Sanitaria de Alimentos\" \/>\n<meta property=\"article:modified_time\" content=\"2025-06-10T17:23:00+00:00\" \/>\n<meta property=\"og:image\" content=\"https:\/\/resolucionsanitariadealimentos.cl\/wp-content\/uploads\/2019\/02\/encabezado-4-1024x576.jpg\" \/>\n<meta name=\"twitter:card\" content=\"summary_large_image\" \/>\n<meta name=\"twitter:label1\" content=\"Est. reading time\" \/>\n\t<meta name=\"twitter:data1\" content=\"1 minuto\" \/>\n<script type=\"application\/ld+json\" class=\"yoast-schema-graph\">{\"@context\":\"https:\/\/schema.org\",\"@graph\":[{\"@type\":\"WebPage\",\"@id\":\"https:\/\/resolucionsanitariadealimentos.cl\/\",\"url\":\"https:\/\/resolucionsanitariadealimentos.cl\/\",\"name\":\"\u25ba Autorizaci\u00f3n Sanitaria de Alimentos - Asesor\u00eda profesional y Tramitaci\u00f3n\",\"isPartOf\":{\"@id\":\"https:\/\/resolucionsanitariadealimentos.cl\/#website\"},\"datePublished\":\"2019-01-29T18:26:44+00:00\",\"dateModified\":\"2025-06-10T17:23:00+00:00\",\"description\":\"Tramitaci\u00f3n de autorizaci\u00f3n sanitaria de alimentos, Capacitaciones en BPM, Etiquetado nutricional, Control de calidad, HACCP.\",\"breadcrumb\":{\"@id\":\"https:\/\/resolucionsanitariadealimentos.cl\/#breadcrumb\"},\"inLanguage\":\"es-CL\",\"potentialAction\":[{\"@type\":\"ReadAction\",\"target\":[\"https:\/\/resolucionsanitariadealimentos.cl\/\"]}]},{\"@type\":\"BreadcrumbList\",\"@id\":\"https:\/\/resolucionsanitariadealimentos.cl\/#breadcrumb\",\"itemListElement\":[{\"@type\":\"ListItem\",\"position\":1,\"name\":\"Inicio\",\"item\":\"https:\/\/resolucionsanitariadealimentos.cl\/\"},{\"@type\":\"ListItem\",\"position\":2,\"name\":\"Autorizaci\u00f3n Sanitaria de Alimentos\"}]},{\"@type\":\"WebSite\",\"@id\":\"https:\/\/resolucionsanitariadealimentos.cl\/#website\",\"url\":\"https:\/\/resolucionsanitariadealimentos.cl\/\",\"name\":\"Resoluci\u00f3n Sanitaria de Alimentos\",\"description\":\"Asesor\u00eda y tramitaci\u00f3n de Resoluci\u00f3n Sanitaria de Alimentos\",\"potentialAction\":[{\"@type\":\"SearchAction\",\"target\":{\"@type\":\"EntryPoint\",\"urlTemplate\":\"https:\/\/resolucionsanitariadealimentos.cl\/?s={search_term_string}\"},\"query-input\":\"required name=search_term_string\"}],\"inLanguage\":\"es-CL\"}]}<\/script>\n<!-- \/ Yoast SEO plugin. -->","yoast_head_json":{"title":"\u25ba Autorizaci\u00f3n Sanitaria de Alimentos - Asesor\u00eda profesional y Tramitaci\u00f3n","description":"Tramitaci\u00f3n de autorizaci\u00f3n sanitaria de alimentos, Capacitaciones en BPM, Etiquetado nutricional, Control de calidad, HACCP.","robots":{"index":"index","follow":"follow","max-snippet":"max-snippet:-1","max-image-preview":"max-image-preview:large","max-video-preview":"max-video-preview:-1"},"canonical":"https:\/\/resolucionsanitariadealimentos.cl\/","og_locale":"es_ES","og_type":"article","og_title":"\u25ba Autorizaci\u00f3n Sanitaria de Alimentos - Asesor\u00eda profesional y Tramitaci\u00f3n","og_description":"Tramitaci\u00f3n de autorizaci\u00f3n sanitaria de alimentos, Capacitaciones en BPM, Etiquetado nutricional, Control de calidad, HACCP.","og_url":"https:\/\/resolucionsanitariadealimentos.cl\/","og_site_name":"Resoluci\u00f3n Sanitaria de Alimentos","article_modified_time":"2025-06-10T17:23:00+00:00","og_image":[{"url":"https:\/\/resolucionsanitariadealimentos.cl\/wp-content\/uploads\/2019\/02\/encabezado-4-1024x576.jpg"}],"twitter_card":"summary_large_image","twitter_misc":{"Est. reading time":"1 minuto"},"schema":{"@context":"https:\/\/schema.org","@graph":[{"@type":"WebPage","@id":"https:\/\/resolucionsanitariadealimentos.cl\/","url":"https:\/\/resolucionsanitariadealimentos.cl\/","name":"\u25ba Autorizaci\u00f3n Sanitaria de Alimentos - Asesor\u00eda profesional y Tramitaci\u00f3n","isPartOf":{"@id":"https:\/\/resolucionsanitariadealimentos.cl\/#website"},"datePublished":"2019-01-29T18:26:44+00:00","dateModified":"2025-06-10T17:23:00+00:00","description":"Tramitaci\u00f3n de autorizaci\u00f3n sanitaria de alimentos, Capacitaciones en BPM, Etiquetado nutricional, Control de calidad, HACCP.","breadcrumb":{"@id":"https:\/\/resolucionsanitariadealimentos.cl\/#breadcrumb"},"inLanguage":"es-CL","potentialAction":[{"@type":"ReadAction","target":["https:\/\/resolucionsanitariadealimentos.cl\/"]}]},{"@type":"BreadcrumbList","@id":"https:\/\/resolucionsanitariadealimentos.cl\/#breadcrumb","itemListElement":[{"@type":"ListItem","position":1,"name":"Inicio","item":"https:\/\/resolucionsanitariadealimentos.cl\/"},{"@type":"ListItem","position":2,"name":"Autorizaci\u00f3n Sanitaria de Alimentos"}]},{"@type":"WebSite","@id":"https:\/\/resolucionsanitariadealimentos.cl\/#website","url":"https:\/\/resolucionsanitariadealimentos.cl\/","name":"Resoluci\u00f3n Sanitaria de Alimentos","description":"Asesor\u00eda y tramitaci\u00f3n de Resoluci\u00f3n Sanitaria de Alimentos","potentialAction":[{"@type":"SearchAction","target":{"@type":"EntryPoint","urlTemplate":"https:\/\/resolucionsanitariadealimentos.cl\/?s={search_term_string}"},"query-input":"required name=search_term_string"}],"inLanguage":"es-CL"}]}},"amp_enabled":false,"_links":{"self":[{"href":"https:\/\/resolucionsanitariadealimentos.cl\/index.php\/wp-json\/wp\/v2\/pages\/64"}],"collection":[{"href":"https:\/\/resolucionsanitariadealimentos.cl\/index.php\/wp-json\/wp\/v2\/pages"}],"about":[{"href":"https:\/\/resolucionsanitariadealimentos.cl\/index.php\/wp-json\/wp\/v2\/types\/page"}],"author":[{"embeddable":true,"href":"https:\/\/resolucionsanitariadealimentos.cl\/index.php\/wp-json\/wp\/v2\/users\/1"}],"replies":[{"embeddable":true,"href":"https:\/\/resolucionsanitariadealimentos.cl\/index.php\/wp-json\/wp\/v2\/comments?post=64"}],"version-history":[{"count":74,"href":"https:\/\/resolucionsanitariadealimentos.cl\/index.php\/wp-json\/wp\/v2\/pages\/64\/revisions"}],"predecessor-version":[{"id":1024,"href":"https:\/\/resolucionsanitariadealimentos.cl\/index.php\/wp-json\/wp\/v2\/pages\/64\/revisions\/1024"}],"wp:attachment":[{"href":"https:\/\/resolucionsanitariadealimentos.cl\/index.php\/wp-json\/wp\/v2\/media?parent=64"}],"curies":[{"name":"wp","href":"https:\/\/api.w.org\/{rel}","templated":true}]}}